y) = -307*y - 3. Let h be p(-5). Suppose -g + 3*g + 2*s = 770, -4*g = -4*s - h. What is the units digit of g?
4
Let f = 108170 - 62727. What is the ten thousands digit of f?
4
Let n(p) = -5*p + 13. Let f be n(2). Let l be ((-388)/(-12) + f)*15/(-10). Let s = 63 - l. What is the tens digit of s?
1
Suppose -7*t + 4*t + 41883 = 3*u, 5*t = -3*u + 41893. What is the hundreds digit of u?
9
Suppose j = -0*j - 4*a - 13, 0 = 4*j - 5*a - 32. Let q(b) = 1 - j + b + 0*b + 5 + b**2. What is the units digit of q(-6)?
3
Suppose -2*k + 11*g = 8*g - 1311, 3*k = -5*g + 1919. What is the hundreds digit of k?
6
Suppose -126*q - 5*q + 236332 + 3692620 = 0. What is the ten thousands digit of q?
2
Suppose 35 + 77 = 16*x. What is the units digit of ((-3106)/x)/((-44)/154)?
3
Let h be -20*((-18)/(-48))/(-3)*4. Let w(c) = c**3 + 2*c**2 - c - 1. Let f be w(-1). Suppose h = m + f. What is the units digit of m?
9
Let c = 22307 - 8362. What is the hundreds digit of c?
9
Let k(g) = 4*g**3 - 5*g**2 - 8*g - 12. Let w(f) = -7*f**3 + 10*f**2 + 17*f + 23. Let h(r) = 5*k(r) + 3*w(r). What is the hundreds digit of h(-5)?
2
Let i(c) = c + 11. Let k be i(-7). Let j be (-150)/(-12) + 1 + (-6)/k. Suppose -j*y - 115 = -13*y. What is the units digit of y?
5
Let p(y) be the first derivative of y**3/3 - 10*y**2 - 8*y - 194. What is the units digit of p(25)?
7
What is the thousands digit of (-5770)/6*6744/(-1405)?
4
Let c be (-44838)/162 - (0 + 4/18). What is the hundreds digit of (2 + -1)/(-4 + (-1109)/c)?
2
Let c(n) = n - 43. Let i be c(18). Let x be (i + 15)/((-2)/80*-2). Let g = x + 292. What is the units digit of g?
2
Let n(h) = -3203*h - 4*h**2 - 3191*h + 3*h**2 - 6 + 6353*h. What is the tens digit of n(-23)?
0
Suppose 4*q - 255 = -2*g + 789, -5*q - 2114 = -4*g. What is the tens digit of g?
2
Let f(u) = 1 + 2*u + 2*u**3 + 2*u**2 + 3 - 3*u**3. Suppose -111 = 11*q - 78. What is the units digit of f(q)?
3
Suppose -3*x = 3*x + 462. Let o = -75 - x. Suppose o*b - 4 = 0, 10*d - 6*d = -3*b + 110. What is the units digit of d?
6
Let p be (-1582)/9 - 2/(-18)*-2. What is the units digit of (-3)/8 + (-11154)/p?
3
Suppose 37*y - 68356 - 106506 = 0. What is the tens digit of y?
2
Let l(c) = 99*c + 305. Let u(j) = 292*j + 914. Let g(v) = 8*l(v) - 3*u(v). What is the tens digit of g(-10)?
3
Let r(c) = 2*c**2 - 15*c - 8. Let b be r(8). Suppose 3*n + n - 944 = b. Suppose 0 = h + 3*h - n. What is the tens digit of h?
5
Let y(a) = 3*a**2 + 3*a - 6. Let s be y(4). Suppose -o = -s + 40. What is the units digit of (-2)/(-7) + 2670/o?
1
Let z(j) = 2*j**2 + 5*j + 5. Let i be z(-2). Suppose 0 = -5*p + 6*p - i. Suppose p*d = 7*d - 40. What is the tens digit of d?
1
Suppose -4*m + 382 = -6*m. Suppose 4*r - 2*u = 1346, 4*r + 4*u + 0*u - 1364 = 0. Let p = m + r. What is the hundreds digit of p?
1
Suppose 4*c + 4*q = 0, -2*q + 4*q + 20 = 3*c. Let m be 10/4 - (-2)/c. What is the tens digit of (-32)/(-48) + 640/m?
1
Suppose 565*r - 563*r = 48724. Suppose r = -2*s + 28*s. What is the hundreds digit of s?
9
Let j(x) = 23*x**2 + 5*x + 3. Let w = 53 + -50. Let o be j(w). Let v = o + -141. What is the units digit of v?
4
Let f(q) = q**3 + 2*q**2 - q. Let g(l) = 42*l**3 + 8*l**2 - 4*l + 9. Let b(n) = 4*f(n) - g(n). What is the hundreds digit of b(-2)?
2
Let f be (-4)/6 - 65/(-3). Suppose 25*k - 128 = f*k. Let z = k - 19. What is the units digit of z?
3
Let w be 2/8 + (1 - 26897/52). Let x = w + 550. What is the units digit of x?
4
Suppose -4*y = 4*z - 5*z - 18, 0 = 5*y - 2*z - 21. Suppose y*v - 245 = -5*c, -4*c + c - 135 = -3*v. Suppose 7 = -h + v. What is the tens digit of h?
4
Let r(t) = -1132*t - 187. What is the thousands digit of r(-14)?
5
Let d be 82/(-2*(-3)/36). Suppose s + b = 100, 3*b = -5*s - 0*b + d. Let z = s + -31. What is the units digit of z?
5
What is the ten thousands digit of 8/12*-3 - (-6)/6 - -14202?
1
Suppose -66493 = 280*j - 303*j. What is the hundreds digit of j?
8
Suppose 7*q - 6*q = -v + 3525, 0 = -2*v - 5*q + 7059. What is the units digit of v?
2
Let p = -59 + 87. Suppose p*f - 2415 = 13*f. What is the units digit of f?
1
Suppose -4*v = -3*h - 33, -2*v + 13*h = 17*h - 22. Suppose -1837 = -v*a + 3968. What is the hundreds digit of a?
6
Let o = -94 - -92. What is the units digit of (264/(-77))/(3/(-65 - o))?
2
Let b = 2219 + 24177. What is the ten thousands digit of b?
2
Let r(c) = -4*c + 9. Let f be r(-3). Let n(k) = 6*k - f + 3*k - 8 + 5*k. What is the tens digit of n(7)?
6
Suppose 0 = -19*q + 18*q + 2. Suppose c = -2*r + 19, r - 14 = -q*c + 3*r. Suppose 3*x + 680 = c*x. What is the tens digit of x?
8
Suppose 53*k - 56*k = -7338. Let g = k - 1476. What is the units digit of g?
0
Suppose -4*o = b + 478, 0*b + 472 = -4*o - 4*b. Let j be o/45*(-3)/2. Suppose i + j*l = 3*i - 242, 235 = 2*i + 3*l. What is the units digit of i?
9
Let z be 3 + (0 - 2) + 3. Suppose -2*r - 3*w = 153, z*w + 230 = -0*r - 3*r. Let b = 202 + r. What is the units digit of b?
4
Let m = -19 + 701. Let r = m - 485. What is the units digit of r?
7
Let t(b) = b**3 + 3*b**2 - 5*b - 2. Let z(g) = -3*g**2 - 3*g + 2. Let l be z(-2). Let j be t(l). Suppose 0 = -0*n - j*n + 114. What is the tens digit of n?
5
Suppose 0 = -3*g + a + 107176, -71*g + a - 178624 = -76*g. Suppose -23*i + 1236 + g = 0. What is the thousands digit of i?
1
Suppose b = 3*b. Let s = 303 + -201. Suppose b*y - 2*y + s = 0. What is the units digit of y?
1
Suppose 44*d - 1105247 = 37*d - 52*d. What is the hundreds digit of d?
7
Let l = -22 - -40. Suppose l*h - 12 = 12*h. Suppose 10 - h = s. What is the units digit of s?
8
Let m = -1561 + 3684. What is the thousands digit of m?
2
Suppose 2*p = 5*w + 41, -5*p = -5*w - 89 + 24. Suppose p = 7*x - 5*x, -2*v = -x - 742. What is the units digit of v?
3
What is the units digit of 175851621/2673 - (-1 - 20/(-18))?
8
Suppose -f - 4 = 0, 3*g + 2*f + 2*f - 248 = 0. Suppose 0 = k + 576 + g. What is the units digit of (1/(-2))/(4/k)?
3
Suppose -3*n + 2*s = -6*n + 426, -4*n + 3*s + 568 = 0. What is the hundreds digit of (1 + n)/(-2 + 3)?
1
Suppose 6308 = 2*k + 4*r, -42*k + 46*k - 4*r - 12700 = 0. What is the tens digit of k?
6
What is the units digit of -7 + ((-35)/(-385) - 742278/(-22))?
3
Suppose -5*r - 5*c = -91210, 0 = 15*r - 13*r - 3*c - 36444. What is the units digit of r?
4
Let j = 225 - 202. Suppose -4765 = j*o - 14218. What is the units digit of o?
1
Suppose 0 = -4*n - 5*b + 72, 7*b - 68 = -4*n + 3*b. Let h be (-3081)/n*-4*1. What is the units digit of h/16 + 4/(-16)?
9
Suppose -9953 - 4852 = -7*j. Suppose 5*s - j + 465 = 0. What is the hundreds digit of s?
3
Let x = -414 - -597. Let m = 186 + x. What is the tens digit of m?
6
Let f(u) = 756*u + 4. Let b be f(-2). Let a = -953 - b. Suppose -221 = -8*i + a. What is the units digit of i?
7
Suppose -13*z = -53*z. Suppose -h - 3*i + 1127 = z, -5*h = -5*i - 1878 - 3777. What is the units digit of h?
0
Suppose -5*a + 104480 + 261292 = 6*a. What is the units digit of a?
2
Suppose -15*b = 11*b + 30290. Let t = -202 - b. What is the units digit of t?
3
Let m(j) = 8*j + 23. Let f be (1 + (1 - 1))/(25/(-450)). Let v be ((-16)/(-4))/((-12)/f). What is the units digit of m(v)?
1
Let m = -320 - -332. Suppose -m*g + 5770 = -7*g. What is the units digit of g?
4
Let s(r) = r**3 + 39*r**2 + 5*r + 171. What is the tens digit of s(-18)?
8
Let y = 8714 + 19152. What is the ten thousands digit of y?
2
Let f(a) = 173*a + 71. Let l be f(8). Let w = -885 + l. What is the units digit of w?
0
What is the hundreds digit of (-2)/27*-71853 + 256/(-576)?
3
Suppose -4*u + 2*j + 186 = 0, 2 = 2*u - 4*j - 82. Let l = u - 46. Suppose 0 = l*o + 2*q - 429 - 13, 0 = 5*o - 3*q - 1065. What is the units digit of o?
6
What is the hundreds digit of -5 - (0 - (-2 + 4268))?
2
Let g(t) = 0*t - 15*t + 11 - t**2 - 4*t + 2*t. Let u(b) = 5*b**2 + 22*b - 4. Let j be u(-4). What is the tens digit of g(j)?
7
Let y = -5457 - -9296. Suppose 5014 = 13*i - y. What is the hundreds digit of i?
6
Let h(w) = -w + 29. Let n be h(8). Let k be 189 - (n/(-6) - -3)*2. Suppose 0*i + k = 2*i. What is the tens digit of i?
9
What is the units digit of (3869*3)/((-50 - -48)*3/(-18))?
1
Suppose -3*l + 260839 = 419*g - 418*g, 86943 = l - 3*g. What is the hundreds digit of l?
9
What is the tens digit of 82/(-246) + (-16030)/(-3)?
4
Let y(o